{"id":20,"date":"2018-06-10T00:16:51","date_gmt":"2018-06-09T22:16:51","guid":{"rendered":"http:\/\/netzwerk-inklusion.org\/offenbach_stadt\/?page_id=20"},"modified":"2019-04-21T22:26:29","modified_gmt":"2019-04-21T20:26:29","slug":"ueber-mich","status":"publish","type":"page","link":"https:\/\/stadt.inklusion-of.de\/?page_id=20","title":{"rendered":"\u00dcber Uns"},"content":{"rendered":"<p><strong>Es besteht allgemeiner Konsens \u00fcber den Willen zur Umsetzung der inklusiven Bildung in Offenbach.<\/strong><\/p>\n<p>Daher haben die Betroffenenverb\u00e4nde f\u00fcr Menschen mit Behinderung, Eltern, Sch\u00fcler, GEW und politische Parteien in der Stadt Offenbach das Netzwerk f\u00fcr Inklusion aus der Taufe gehoben.<\/p>\n<p>Das Netzwerk soll eine breite Plattform des Austauschs und der Zusammenarbeit zur Umsetzung der Inklusion in Offenbach bieten und ist offen f\u00fcr alle Interessierten.<\/p>\n<p>Nur gemeinsam kann es gelingen, die Interessen der Stadt und der Schulen nachhaltig zu vertreten und die Inklusion erfolgreich und hochwertig im Offenbacher Bildungssystem umzusetzen.<\/p>\n<p>&nbsp;<\/p>\n<p><strong>Folgende Verb\u00e4nde, Vereine, Parteien sind aktuell vertreten<\/strong><em> (in alphabetischer Reihenfolge)<strong>:<\/strong><\/em><\/p>\n<ul>\n<li>Arbeiterwohlfahrt Kreisverband Offenbach am Main &#8211; Stadt e. V.<\/li>\n<li>Behindertenbeirat der Stadt Offenbach<\/li>\n<li>Behindertenhilfe in Stadt und Kreis Offenbach e.V.<\/li>\n<li>B\u00fcndnis 90\/Gr\u00fcne<\/li>\n<li>CDU<\/li>\n<li>Die Linke<\/li>\n<li>FDP<\/li>\n<li>GEW<\/li>\n<li>IGEL-OF e.V.<\/li>\n<li>Lebenshilfe f\u00fcr Menschen mit Behinderung Stadt und Kreis Offenbach e.V.<\/li>\n<li>SPD<\/li>\n<li>Stadt Offenbach<\/li>\n<li>Stadtelternbeirat in Offenbach<\/li>\n<li>Stadtschulsprecher Offenbach<\/li>\n<li>Werkst\u00e4tten Hainbachtal gGmbH<\/li>\n<\/ul>\n<p>&nbsp;<\/p>\n<p><strong>Zielsetzung ist \u00d6ffentlichkeitsarbeit:<\/strong><\/p>\n<p>Durch die regelm\u00e4\u00dfigen Veranstaltungen f\u00fcr verschiedene Zielgruppen in Offenbach und die Einbindung der B\u00fcrger Offenbachs soll ein Bewusstsein f\u00fcr das Zusammenleben aller geschaffen werden. Der kommunale Aktionsplan ist ein lebendiges Instrument, um nachhaltige Strukturen f\u00fcr die Teilhabe aller in Offenbach zu schaffen.<\/p>\n<p>Den Inklusionsbegriff fassen die Netzwerkpartner bewusst weit:<br \/>\n<strong>Das Recht auf volle, aktive und selbstbestimmte Teilhabe gilt sowohl f\u00fcr Menschen mit Behinderungen als auch f\u00fcr unsere Mitb\u00fcrger mit Migrationshintergrund\/neu Zugezogene, als auch Familien\/Menschen aus bildungsfernen, sozial schwachen Schichten<\/strong>.<\/p>\n<p>Im Jahr 2016 legt das Netzwerk auch einen Augenmerk auf die Menschen, die im Zuge der Fl\u00fcchtlingsbewegung im Sinne des Familiennachzugs nach Offenbach kommen und darauf hoffen, hier in Sicherheit und Frieden leben zu k\u00f6nnen.<\/p>\n<p>Dazu kooperieren wir ebenfalls mit dem Verein KuBi e.V. sowie zahlreichen Migrantenselbstorganisationen.<\/p>\n<p>&nbsp;<\/p>\n<p><strong>Ausschnitt bisheriger Veranstaltungen des<br \/>\nNetzwerks Inklusion Offenbach &#8211; Stadt<br \/>\n<\/strong><\/p>\n<ul>\n<li><strong>August 2012:<\/strong> Podiumsdiskussion &#8222;Inklusion &#8211; Die Bildungschance f\u00fcr unsere Kinder&#8220;, Rathaus<\/li>\n<li><strong>Oktober 2012:<\/strong> \u201eAlle lernen in einer Klasse\u201c, Stadtkirche<\/li>\n<li><strong>Februar 2013:<\/strong> \u201eInklusion in der Lehrer- aus und -fortbildung\u201c, Informationsveranstaltung im Ledermuseum<\/li>\n<li><strong>September 2013:<\/strong> Interfraktioneller Antrag zum kommunalen Aktionsplan Inklusion<\/li>\n<li><strong>Februar 2014:<\/strong> Vortrag Prof. Albrecht Rohrmann, ZPE\/Uni Gie\u00dfen zum Thema \u201eKommunaler Aktionsplan\u201c im Rathaus<\/li>\n<li><strong>Mai 2014:<\/strong> Aktionstag \u201eInklusion &amp; Diversity\u201c, Feier auf Aliceplatz gleichzeitig mit Frankfurt und Wiesbaden<\/li>\n<li><strong>September 2014:<\/strong> Teilnahme beim deutschlandweiten Netzwerktreffen \u201eKommunen und Inklusion\u201c der Montag-Stiftung in Bad Honnef, NRW<\/li>\n<li><strong>Mai 2015:<\/strong> 2. Aktionstag \u201eInklusion &amp; Diversity\u201c auf dem Aliceplatz<\/li>\n<li><strong>Dezember\u00a0 2015:<\/strong> Lesung Kirsten Ehrhardt \u2013 Henri (zum Thema in einer Welt leben), VHS<\/li>\n<li><strong>M\u00e4rz 2016:<\/strong> Barrierefreie Verwaltung \u2013 eine Kommune macht ernst, VHS<\/li>\n<li><strong>Mai 2016:<\/strong> Aktionstag \u201eInklusion &amp; Diversity\u201c auf dem Aliceplatz<\/li>\n<li><strong>Juni 2016:<\/strong> Werkst\u00e4tten f\u00fcr Behinderte und Erster Arbeitsmarkt \u2013 W\u00e4chst zusammen was zusammen geh\u00f6rt?, IHK<\/li>\n<li><strong>September 2016:<\/strong> Inklusion jetzt &#8211; Schulentwicklungsplanung darf nicht nur zusehen, VHS<\/li>\n<li><strong>Januar 2017:<\/strong> Formen und Chancen inklusiven Wohnens, Baumesse Offenbach<\/li>\n<li><strong>Mai 2017:<\/strong> Aktionstag \u201eInklusion &amp; Diversity\u201c auf dem Aliceplatz<\/li>\n<li><strong>September 2017:<\/strong> Inklusion und Anti-Diskrimitierung<\/li>\n<li><strong>Januar 2018:<\/strong> Wohnen und Bauen f\u00fcr Menschen mit Behinderung, Baumesse Offenbach<\/li>\n<li><strong>August 2018:<\/strong> Runter vom Sofa &#8211; Raus aus dem Haus<\/li>\n<li><strong>September 2018: <\/strong>Inklusives \u00dcbergangsmanagement Schule-Beruf<\/li>\n<li><strong>Januar 2019:<\/strong> Inklusiv Bauen und Wohnen, Baumesse Offenbach<\/li>\n<\/ul>\n","protected":false},"excerpt":{"rendered":"<p>Es besteht allgemeiner Konsens \u00fcber den Willen zur Umsetzung der inklusiven Bildung in Offenbach. Daher haben die Betroffenenverb\u00e4nde f\u00fcr Menschen mit Behinderung, Eltern, Sch\u00fcler, GEW und politische Parteien in der Stadt Offenbach das Netzwerk f\u00fcr Inklusion aus der Taufe gehoben. Das Netzwerk soll eine breite Plattform des Austauschs und der Zusammenarbeit zur Umsetzung der Inklusion &hellip; <\/p>\n<p class=\"link-more\"><a href=\"https:\/\/stadt.inklusion-of.de\/?page_id=20\" class=\"more-link\"><span class=\"screen-reader-text\">\u201e\u00dcber Uns\u201c<\/span> weiterlesen<\/a><\/p>\n","protected":false},"author":1,"featured_media":0,"parent":0,"menu_order":0,"comment_status":"closed","ping_status":"closed","template":"","meta":[],"_links":{"self":[{"href":"https:\/\/stadt.inklusion-of.de\/index.php?rest_route=\/wp\/v2\/pages\/20"}],"collection":[{"href":"https:\/\/stadt.inklusion-of.de\/index.php?rest_route=\/wp\/v2\/pages"}],"about":[{"href":"https:\/\/stadt.inklusion-of.de\/index.php?rest_route=\/wp\/v2\/types\/page"}],"author":[{"embeddable":true,"href":"https:\/\/stadt.inklusion-of.de\/index.php?rest_route=\/wp\/v2\/users\/1"}],"replies":[{"embeddable":true,"href":"https:\/\/stadt.inklusion-of.de\/index.php?rest_route=%2Fwp%2Fv2%2Fcomments&post=20"}],"version-history":[{"count":5,"href":"https:\/\/stadt.inklusion-of.de\/index.php?rest_route=\/wp\/v2\/pages\/20\/revisions"}],"predecessor-version":[{"id":468,"href":"https:\/\/stadt.inklusion-of.de\/index.php?rest_route=\/wp\/v2\/pages\/20\/revisions\/468"}],"wp:attachment":[{"href":"https:\/\/stadt.inklusion-of.de\/index.php?rest_route=%2Fwp%2Fv2%2Fmedia&parent=20"}],"curies":[{"name":"wp","href":"https:\/\/api.w.org\/{rel}","templated":true}]}}