{"id":58,"date":"2018-06-10T01:03:39","date_gmt":"2018-06-09T23:03:39","guid":{"rendered":"http:\/\/netzwerk-inklusion.org\/offenbach_stadt\/?page_id=58"},"modified":"2018-06-10T01:03:39","modified_gmt":"2018-06-09T23:03:39","slug":"was-wir-wollen","status":"publish","type":"page","link":"https:\/\/stadt.inklusion-of.de\/?page_id=58","title":{"rendered":"Was wir wollen"},"content":{"rendered":"<p><strong>Die Betroffenenverb\u00e4nde f\u00fcr Menschen mit Behinderung, Eltern, Sch\u00fcler, GEW, politische Parteien, die evangelische Kirche und Vertreter von Migrantenselbstorganisationen haben sich in Offenbach zum Netzwerk f\u00fcr Inklusion zusammengeschlossen.<\/strong><\/p>\n<p>Das Netzwerk soll eine breite Plattform des Austauschs und der Zusammenarbeit zur Umsetzung der Inklusion in Offenbach gem\u00e4\u00df der UN-Behindertenkonvention bieten und ist offen f\u00fcr alle Interessierten. Nur gemeinsam kann es gelingen, die Interessen von B\u00fcrgern mit und ohne Behinderungen, von Menschen, die immer schon hier leben und denen, die neu hinzuziehen, von Menschen mit und ohne Migrationshintergrund, von Menschen mit Bildungs- oder sozialen Benachteiligungen nachhaltig zu vertreten und die Inklusion erfolgreich und hochwertig im \u00f6ffentlichen und kulturellen Leben der Stadt Offenbach umzusetzen.<\/p>\n<p>&nbsp;<\/p>\n<h2><strong>Die Ziele des Netzwerks sind:<\/strong><\/h2>\n<ul>\n<li>Herstellung von \u00f6ffentlichem Bewusstsein, dass es sich lohnt, wenn alle B\u00fcrger vollen, gleichberechtigten und selbstbestimmten Zugang auf Teilhabe am Leben in der Stadt haben.<\/li>\n<li>Abbau von Vorurteilen und \u00c4ngsten in der Bev\u00f6lkerung, die durch die mangelnde Information oder mangelnde Kenntnis der Mitmenschen und ihrer Probleme gesch\u00fcrt werden.<\/li>\n<li>Aufforderung der Landesregierung, die Stadt Offenbach, ihre Schulen und sozialen Einrichtungen bei der Umsetzung der Inklusion engagiert zu unterst\u00fctzen und alle daf\u00fcr ben\u00f6tigten Ressourcen bereitzustellen.<\/li>\n<li>Mitwirkung bei der Erstellung des kommunalen Aktionsplans f\u00fcr Inklusion in Offenbach.<\/li>\n<\/ul>\n<h2>\n<strong>Wir begr\u00fc\u00dfen, dass<\/strong><\/h2>\n<ul>\n<li>die Stadtverordnetenversammlung in Offenbach im Dezember 2013 die Erstellung eines kommunalen Aktionsplans f\u00fcr Inklusion beschlossen hat.<\/li>\n<li>die Stadt Offenbach eine verantwortliche Person aus der Verwaltung zur Federf\u00fchrung bei der Erstellung des Aktionsplans eingesetzt hat, die in enger Zusammenarbeit mit dem Behindertenbeirat, der VHS und dem Netzwerk Inklusion die Idee der Inklusion aktiv vorantreibt.<\/li>\n<li>die Stadt Offenbach bei ihren derzeitigen Umbau- und Sanierungsma\u00dfnahmen die Vorgaben inklusiver Beschulung (Barrierefreiheit, Ausstattung der R\u00e4umlichkeiten) ernst nimmt und nach den Vorgaben des Kultusministers eine inklusive Schullandschaft (Neubau Fr\u00f6belschule im inklusiven Umfeld, Kooperationsklassen, Ausbau der Inklusion\/Barrierefreiheit an den weiterf\u00fchrenden Schulen etc.) bereits ber\u00fccksichtigt.<\/li>\n<li>die Stadt Offenbach Projekte und Initiativen zur Umsetzung der Inklusion unterst\u00fctzt.<\/li>\n<li>st\u00e4dtische, private und politische Initiativen zunehmend ein Bewusstsein f\u00fcr Inklusion entwickeln und sich f\u00fcr ihre Umsetzung einsetzen.<\/li>\n<\/ul>\n<h2>\n<strong>Bisherige Veranstaltungen des Netzwerks f\u00fcr Inklusion<\/strong><\/h2>\n<ul>\n<li><strong>August 2012:<\/strong> Podiumsdiskussion &#8222;Inklusion &#8211; Die Bildungschance f\u00fcr unsere Kinder&#8220;, Rathaus<\/li>\n<li><strong>Oktober 2012:<\/strong> \u201eAlle lernen in einer Klasse\u201c, Stadtkirche<\/li>\n<li><strong>Februar 2013:<\/strong> \u201eInklusion in der Lehrer- aus und -fortbildung\u201c, Informationsveranstaltung im Ledermuseum<\/li>\n<li><strong>September 2013:<\/strong> Interfraktioneller Antrag zum kommunalen Aktionsplan Inklusion<\/li>\n<li><strong>Februar 2014:<\/strong> Vortrag Prof. Albrecht Rohrmann, ZPE\/Uni Gie\u00dfen zum Thema \u201eKommunaler Aktionsplan\u201c im Rathaus<\/li>\n<li><strong>Mai 2014:<\/strong> Aktionstag \u201eInklusion &amp; Diversity\u201c, Feier auf Aliceplatz gleichzeitig mit Frankfurt und Wiesbaden<\/li>\n<li><strong>September 2014:<\/strong> Teilnahme beim deutschlandweiten Netzwerktreffen \u201eKommunen und Inklusion\u201c der Montag-Stiftung in Bad Honnef, NRW<\/li>\n<li><strong>Mai 2015:<\/strong> 2. Aktionstag \u201eInklusion &amp; Diversity\u201c auf dem Aliceplatz<\/li>\n<li><strong>Dezember\u00a0 2015:<\/strong> Lesung Kirsten Ehrhardt \u2013 Henri (zum Thema in einer Welt leben), VHS<\/li>\n<li><strong>M\u00e4rz 2016:<\/strong> Barrierefreie Verwaltung \u2013 eine Kommune macht ernst, VHS<\/li>\n<li><strong>Juni 2016:<\/strong> Werkst\u00e4tten f\u00fcr Behinderte und Erster Arbeitsmarkt \u2013 W\u00e4chst zusammen was zusammen geh\u00f6rt?, IHK<\/li>\n<li><strong>September 2016:<\/strong> Inklusion jetzt &#8211; Schulentwicklungsplanung darf nicht nur zusehen, VHS<\/li>\n<li><strong>Januar 2017:<\/strong> Formen und Chancen inklusiven Wohnens, Baumesse Offenbach<\/li>\n<\/ul>\n<h2>\n<p><strong>Zielsetzung:<\/strong><\/h2>\n<p>Durch die regelm\u00e4\u00dfigen Veranstaltungen f\u00fcr verschiedene Zielgruppen in Offenbach und die Einbindung der B\u00fcrger Offenbachs soll ein Bewusstsein f\u00fcr das Zusammenleben aller geschaffen werden. Der kommunale Aktionsplan ist ein lebendiges Instrument, um nachhaltige Strukturen f\u00fcr die Teilhabe aller in Offenbach zu schaffen. Den Inklusionsbegriff fassen die Netzwerkpartner bewusst weit: Das Recht auf volle, aktive und selbstbestimmte Teilhabe gilt sowohl f\u00fcr Menschen mit Behinderungen als auch f\u00fcr unsere Mitb\u00fcrger mit Migrationshintergrund\/neu Zugezogene, als auch Familien\/Menschen aus bildungsfernen, sozial schwachen Schichten. Im Jahr 2016 legt das Netzwerk auch einen Augenmerk auf die Menschen, die im Zuge der Fl\u00fcchtlingsbewegung im Sinne des Familiennachzugs nach Offenbach kommen und darauf hoffen, hier in Sicherheit und Frieden leben zu k\u00f6nnen. Dazu kooperieren wir ebenfalls mit dem Verein KuBi e.V. sowie zahlreichen Migrantenselbstorganisationen.<\/p>\n","protected":false},"excerpt":{"rendered":"<p>Die Betroffenenverb\u00e4nde f\u00fcr Menschen mit Behinderung, Eltern, Sch\u00fcler, GEW, politische Parteien, die evangelische Kirche und Vertreter von Migrantenselbstorganisationen haben sich in Offenbach zum Netzwerk f\u00fcr Inklusion zusammengeschlossen. Das Netzwerk soll eine breite Plattform des Austauschs und der Zusammenarbeit zur Umsetzung der Inklusion in Offenbach gem\u00e4\u00df der UN-Behindertenkonvention bieten und ist offen f\u00fcr alle Interessierten. Nur &hellip; <\/p>\n<p class=\"link-more\"><a href=\"https:\/\/stadt.inklusion-of.de\/?page_id=58\" class=\"more-link\"><span class=\"screen-reader-text\">\u201eWas wir wollen\u201c<\/span> weiterlesen<\/a><\/p>\n","protected":false},"author":1,"featured_media":0,"parent":0,"menu_order":0,"comment_status":"closed","ping_status":"closed","template":"","meta":[],"_links":{"self":[{"href":"https:\/\/stadt.inklusion-of.de\/index.php?rest_route=\/wp\/v2\/pages\/58"}],"collection":[{"href":"https:\/\/stadt.inklusion-of.de\/index.php?rest_route=\/wp\/v2\/pages"}],"about":[{"href":"https:\/\/stadt.inklusion-of.de\/index.php?rest_route=\/wp\/v2\/types\/page"}],"author":[{"embeddable":true,"href":"https:\/\/stadt.inklusion-of.de\/index.php?rest_route=\/wp\/v2\/users\/1"}],"replies":[{"embeddable":true,"href":"https:\/\/stadt.inklusion-of.de\/index.php?rest_route=%2Fwp%2Fv2%2Fcomments&post=58"}],"version-history":[{"count":1,"href":"https:\/\/stadt.inklusion-of.de\/index.php?rest_route=\/wp\/v2\/pages\/58\/revisions"}],"predecessor-version":[{"id":59,"href":"https:\/\/stadt.inklusion-of.de\/index.php?rest_route=\/wp\/v2\/pages\/58\/revisions\/59"}],"wp:attachment":[{"href":"https:\/\/stadt.inklusion-of.de\/index.php?rest_route=%2Fwp%2Fv2%2Fmedia&parent=58"}],"curies":[{"name":"wp","href":"https:\/\/api.w.org\/{rel}","templated":true}]}}